at is f(d)?
12
Let f = -21 - -22. Let q(l) = -16*l + 1. Give q(f).
-15
Let d = -4 + 6. Let b(t) = -t + t - t - t + d. Suppose -4*v - z = -1 - 6, -3*v = 4*z + 11. Give b(v).
-4
Suppose 5*v = -20, -u = 4*u + v - 1. Let k(q) = 0*q**2 + 3*q - 3*q - 1 - 9*q**2. Calculate k(u).
-10
Let b(o) = -2*o**3 - 1 - 6614*o + 6616*o - o**3. Let y(u) = -u**3 + 2*u**2 + u - 1. Let f be y(2). Give b(f).
-2
Let s(k) = 2*k**3 + 2*k**2 - k. Let u be s(1). Let l(q) = q**3 + 0 + 2 - 4 - 2*q**u + q. Give l(-2).
4
Let d(x) = -2*x**2 + 2 + x**2 + 403*x - 398*x. Determine d(6).
-4
Let n(k) = 2*k**2 - 2*k + 1. Let p = -141 - -143. Give n(p).
5
Suppose 0 = -0*f + f. Let t be (1 + f)/((-3)/(-9)). Let d(o) = o**3 - 1 - t - 5*o**2 - 6*o + 4 - 3. Determine d(6).
-3
Suppose 5*t + 2 = -4*d, 0*d + d - 6 = 2*t. Let u(w) be the first derivative of -w**2/2 - w - 3. Give u(t).
1
Suppose 3*y - 3 = 2*w, -w - 4*w = 0. Let h be -1 + (y*-2 - 0). Let r(n) = 2*n**2 - 4*n - 8. Let t(a) = -a**2 + 2*a + 4. Let g(k) = h*r(k) - 5*t(k). Give g(4).
-4
Let x(g) = -g**2 + 4. Let q be (-7)/(3/2 - 2). Let w = q - 9. Suppose 5*k = -w - 10. Calculate x(k).
-5
Let o(d) = d**2 - 6*d. Let y be o(6). Let f(m) = m - m + m - m**2 + y*m**2 + 1. Let r(j) = -j**3 + 4*j**2 + 4*j + 5. Let u be r(5). What is f(u)?
1
Suppose 5 = 3*i + 2*i. Let f(z) = -3*z - 1. Give f(i).
-4
Let z(b) = -81*b + 82*b + 1 + 4. Determine z(5).
10
Let z(g) = -g**2 - 6*g - 2. Suppose 12*t = 19 - 79. What is z(t)?
3
Suppose 0 = 3*t - 2*o - 28, 0 = 5*t + 5*o - 3 - 2. Let j(w) = -w**3 + 7*w**2 - 6*w - 6. Give j(t).
-6
Let x(v) = -4*v**2 - 3*v - 3. Let a(b) = -7*b**2 - 5*b - 5. Let k(r) = -3*a(r) + 5*x(r). Let h = -16 + 15. Calculate k(h).
1
Let v be (-18)/(-8) - (-4)/(-16). Let f = 2 + v. Let y(q) = 5 - 3 + q - 3*q - 3*q**2 + f*q. What is y(2)?
-6
Let d(a) = 4*a + 3. Let t = -21 - -12. Let k = t - -11. Suppose -c - 7 = 4*n, -k*n + c - 1 = 2*c. What is d(n)?
-9
Let m(g) = -g**3 + 4*g**2 + 1. Let f = 7 + -3. Let y be m(f). Let d(p) = -3*p**2 + 4*p**2 + 3*p + 3*p**3 - 4*p. Determine d(y).
3
Let j(t) = t**2 - 1 + 0 - 7*t - 7 + 0. Determine j(8).
0
Suppose 4*x = -2*z - 18, 0 = z - 4*z - x - 7. Let m(b) = 23*b - 23*b - 1 + 7*b**2. Determine m(z).
6
Suppose -l + 3*l - 11 = -3*u, 4*u - 4*l - 28 = 0. Suppose -3*o - 12 = 5*g, -5*o - u = 5*g + 5. Let w(v) = -v + 2. Calculate w(g).
5
Let v be 2/(-4)*(-4)/(-2). Let k(h) = 1. Let b(d) = 3*d**2 - 2*d + 3. Let m(f) = v*b(f) + 2*k(f). Suppose 0 = -o + 3 - 2. Determine m(o).
-2
Let l(y) be the third derivative of y**6/120 + 7*y**5/60 - 7*y**4/24 + 3*y**3/2 - 4*y**2. Determine l(-8).
1
Let l(d) = -2*d + 10. Let h be l(7). Let f(t) = -2*t - 3. Calculate f(h).
5
Suppose 0*y + 5*y = 5*v - 25, -3 = v + 3*y. Let u(a) = -2*a**2 + 3*a**2 + 3*a**v + 1 + a**3 + a. Calculate u(-1).
-3
Suppose 4*g - 2*y - 8 = 0, -5*g + 3*y + 12 = -4*g. Let w(n) = 2*n - n**2 + 0*n**2 - 9 - 6 - 3*n. What is w(g)?
-15
Let t = -54 - -96. Let n be t/10 + (-2)/10. Suppose 4*x - 4 = -5*h + n, -x = h - 2. Let f(k) = k - 8. What is f(h)?
-8
Let p(u) = 4*u + 0*u - 2 - 3*u - 3. What is p(4)?
-1
Suppose 0 = -10*z + z + 18. Let d(m) = -3*m - 2*m + 3*m - 1. Give d(z).
-5
Let o be 3 + 1 - (-2 + 3). Let c = o - 2. Let n(r) = -r**3 - r**2 + r - 1. Let i(p) = 7*p**3 + p**2 - 2*p + 3. Let k(h) = i(h) + 2*n(h). Determine k(c).
5
Let m(s) be the second derivative of -s**4/12 + 3*s**3/2 - 7*s**2/2 - 15*s. Give m(5).
13
Suppose 3*h + 4*o + 8 = h, 0 = -2*o + 2. Let s(q) = -3*q**3 - 4*q**2 + 43*q - 6. Let v(w) = -w**3 - w**2 + 15*w - 2. Let d(z) = 4*s(z) - 11*v(z). Give d(h).
-8
Let b(k) = k**2 - 1. Let c(z) = 5*z**2 - 9*z. Let d(y) = 4*b(y) - c(y). Determine d(8).
4
Let v(m) = -m - 1. Let q = 2 + 0. Suppose 0 = -3*f - q*f. Determine v(f).
-1
Let t(x) = 4*x**2 + 5*x - 4. Let q(r) = -11*r**2 - 14*r + 11. Let c = 14 - 6. Let j(p) = c*t(p) + 3*q(p). Let f = 1 + 0. Calculate j(f).
-2
Let g(o) = -o**3 - 2*o**2 + 3*o - 4. Suppose -1 = -4*f + 7. Suppose -f*p = -0*p + 6. Give g(p).
-4
Let p(n) = 8 + 8 - 20 + 3 + 10*n**2. What is p(-1)?
9
Let g(q) = q**2 - 3*q - 4. Let i be g(3). Let d(a) = 0*a**2 + a**2 - 2*a + 2 - 2*a**2. What is d(i)?
-6
Let k be (6/(-4))/(12/(-32)). Let y(o) = 2*o**2 + o**2 + k - 4*o**2 + 2 - 5*o. Determine y(-5).
6
Let x(v) be the first derivative of -v**2/2 - 4*v + 7. Determine x(-2).
-2
Let m = 7 + -11. Let b(k) = -k**3 - 4*k**2 + 2*k - 2. Determine b(m).
-10
Let c(b) = -6*b. Suppose 4*k - o = 5 + 11, 3*k - 2*o = 17. Suppose 2 = -k*w + 5. Calculate c(w).
-6
Let m(w) = w**2 - 4*w + 3. Let r be (5 - 4)*(4/1 + 1). Calculate m(r).
8
Let s(m) = -2*m**3 + 6*m**2 - 9*m - 5. Let w(a) = -a**3 + 3*a**2 - 4*a - 2. Let t(v) = -2*s(v) + 5*w(v). Determine t(2).
0
Let s(y) = -5*y**2 - 21*y + 25. Let x(f) = f**2 + 4*f - 5. Let t(c) = 2*s(c) + 11*x(c). Give t(-5).
10
Let w(t) = 5*t**2 - 3*t + 0*t**2 - 6 + 4*t + t**3 - 4*t. Let n be (-20)/10 - (0 - -3). Determine w(n).
9
Let c = 45 - 40. Let g(v) be the third derivative of 0*v - 1/60*v**c - 1/6*v**4 - 5/6*v**3 + v**2 + 0. Give g(-5).
-10
Let o = -4 + 7. Suppose -3*i = -7 - 5. Let u(p) = i*p + p**3 - 3*p - 3*p**2 + 0*p**2. Give u(o).
3
Let n(j) = -3 + 48*j - 23*j - 20*j - j**2. Let v = 8 + -5. Determine n(v).
3
Let k(b) = 6*b**2 - 3*b - 2. Let n(f) = -7*f**2 + 3*f + 2. Let l(u) = -6*k(u) - 5*n(u). Let p = 3 - 2. Let o be 0 + 0 - -2*p. Give l(o).
4
Let k(p) be the third derivative of -p**2 - p**3 + 0 - 1/8*p**4 + 0*p. Determine k(-4).
6
Let s(p) = -p**3 - p**2 + 1. Let r(y) = 2*y**3 + y**2 - 2*y + 1. Let f be r(1). Suppose f + 0 = c. Suppose 2 + c = -2*l. What is s(l)?
5
Let q(y) be the second derivative of -y**4/12 - y**3/6 - 3*y**2 + 9*y. What is q(0)?
-6
Let s = -6 + 10. Let w(h) = -8 + s - h + 1. Let q = 6 - 11. Calculate w(q).
2
Let i(u) = 6*u**2 - u**2 + 1 + 5 - u**3 - 3*u. Let t(h) = h**2 - 9*h. Let a be t(8). Let g be (-2)/(-8) - 38/a. What is i(g)?
-9
Let b(a) = a**2 - 4. Suppose 5*t = -25 - 5. Let d be t/4 - 7/2. Let m(j) = -j**2 - j + 5. Let u(r) = d*b(r) - 4*m(r). Determine u(4).
0
Let l(p) = -p**3 + p**2. Let t be l(-1). Let m be (0/(8/t))/1. Let d(g) = -g**2 - g - 3. Give d(m).
-3
Let z(u) = u**2 - u - 2. Let c be (-4)/(-18) + (-80)/(-45). Determine z(c).
0
Let m(y) be the third derivative of -y**6/720 - y**5/120 - 5*y**4/24 - 5*y**2. Let v(t) be the second derivative of m(t). What is v(4)?
-5
Let i(h) = 10*h**3 + 2*h**2 + h. Let w be 32/14 - 2/7. Suppose n - 3*n = w*v - 16, n - 17 = -4*v. Suppose 2*m - 3 = 5*f, -n*f - 3*m - 11 + 3 = 0. Give i(f).
-9
Suppose x + 4*x + 5 = 0. Let j(t) = -4*t + t - t**2 + 0*t - 1. Give j(x).
1
Let v(s) = s**3 + 4*s**2 + 2*s - 2. Let d(j) = j**2 - 11*j + 6. Let q be d(10). Calculate v(q).
-10
Let g(o) = -o**2 + 3*o + 21. Let l be g(6). Let w(q) = 3*q + 4. Determine w(l).
13
Let b(x) be the second derivative of -x**3/6 - 5*x**2/2 - 29*x. What is b(-9)?
4
Let u(m) = -74 + 76 + m - 5*m**2 + 4*m**2. Determine u(-4).
-18
Let o(c) be the second derivative of -1/2*c**2 + 1/6*c**3 + 0 - 1/6*c**4 - 3*c. Give o(1).
-2
Let i(y) = y**3 + 7*y**2 - 9*y - 8. Let q be i(-8). Let a(n) be the second derivative of n**4/12 - n**3/6 - n**2 + n. What is a(q)?
-2
Let x(t) be the first derivative of -3*t**2 - 1/3*t**3 - 4*t - 2. What is x(-6)?
-4
Let g(o) be the first derivative of 17*o**4/4 - 2*o**3/3 + o**2/2 + 5. Calculate g(1).
16
Let y(q) be the first derivative of 0*q - q**2 - 2*q + 2 - 1. What is y(2)?
-6
Let y(g) be the first derivative of 4*g - 11 - 1/2*g**2. Let w = -5 + 8. Calculate y(w).
1
Let c(s) be the first derivative of s**3/3 - 7*s**2/2 + 5*s + 1. Suppose -2*h + 100 = 3*h. Let q = -16 + h. Calculate c(q).
-7
Let t(j) = 14*j + 29. Let m(n) = -5*n - 10. Let x(s) = -11*m(s) - 4*t(s). Suppose 2*p - 5*i - 45 = -3*p, -3*i + 13 = 5*p. What is x(p)?
-11
Let v(n) = n**3 - n**2 - n - 1. Let q = -3 + 3. Calculate v(q).
-1
Let i(m) = m + 3. Let t(b) = -b. Let u(p) = i(p) + 3*t(p). Let d be 72/60*(-20)/(-6). Give u(d).
-5
Let f(g) = g**2 + 5*g + 1. Suppose 1 = 3*a + 13. Give f(a).
-3
Suppose -3*t - 17 = -4*w - 44, -5*t = 2*w + 7. Let z(q) = -q**3 - 4*q**2 + 9*q + 2. What is z(w)?
20
Let z(l) be the second derivative of l**5/20 + l**4/3 + l**3/6 - 3*l**2/2 + 5*l. Determine z(-3).
3
Let y(o) = -o + 4. Let c(u) = -15*u - 12. Let i be c(-1). Calculate y(i).
1
Suppose -4*b = -3*j - 33, 5*b + 4